
3
What is the units digit of 15/(-25)*(-5)/1?
3
Let t = -6 - -3. What is the units digit of (-6)/(-18) - 152/t?
1
Let q(h) = -h**2 + 5*h + 3. Let j(i) = -i - 4. Let k be j(-9). What is the units digit of q(k)?
3
What is the hundreds digit of (-1410)/(-6) + -1 + (-3)/3?
2
Suppose -2*d = 7 - 105. Let x = d - 35. What is the tens digit of x?
1
Let r = 14 - 11. Suppose -l + 33 = r. What is the units digit of l?
0
Let p = 3 - 4. Let g = p + 4. Suppose 2*y = g*y - 2. What is the units digit of y?
2
Let t(m) = -m - 2. Let z(g) = -g - 1. Let u(k) = 4*t(k) - 5*z(k). Let l be u(6). Suppose l*h - 31 = 14. What is the tens digit of h?
1
Let l(u) = -u**3 - 2*u**2 - 2*u + 1. Suppose -5*h = -3*a - 4, 5*h = 4*a + 1 + 6. What is the units digit of l(a)?
6
Let l = 5 + -2. Let c(y) = -15*y + 2. Let f be c(-1). Suppose -l*i + f - 5 = 0. What is the units digit of i?
4
Let v = 2 - 4. Let h be (-35)/(-2) + (-1)/v. Suppose -4*t + h + 14 = -4*z, -14 = -t + 3*z. What is the units digit of t?
5
Let t = -113 - -322. What is the tens digit of t?
0
Let h = 47 + -8. Suppose -12*r = -9*r - h. What is the units digit of r?
3
Suppose -t + 3*t = 5*y - 602, 3*t = -3*y + 378. What is the units digit of y?
2
Let g(n) = -n**2 + n + 6. Let o be g(0). Let p(y) = -7*y**3 + 8. Let h(b) = b**3 + b**2 - 1. Let s(w) = 6*h(w) + p(w). What is the units digit of s(o)?
2
Let k be -4*(-1)/((-16)/(-20)). Suppose k*h + u - 27 = 0, -2*h + 5*u + 45 - 18 = 0. What is the units digit of h?
6
Let f(a) = -a**3 + 9*a**2 + 7*a - 10. What is the tens digit of f(9)?
5
Suppose w - 4 = -1. Suppose 15 = w*x - 150. Suppose -s - 4*s + x = 0. What is the tens digit of s?
1
Let y(u) = u + 2. Let j be y(-8). Let w be (-26)/j - 2/(-3). Let r = 0 + w. What is the units digit of r?
5
Let f = -48 - -84. What is the tens digit of f?
3
Suppose -5*x - 100 = -w, 5*w - 2*x + 22 = 568. What is the tens digit of w?
1
Let j = -17 - -29. Suppose 4*a = -3*o + 14, 4*a + a = -o + j. What is the units digit of (26 - o)/(-3)*-2?
6
Suppose 5*q + 19 = 2*r, 0*r - 3*q + 63 = 5*r. What is the units digit of 2/r - (-92)/24?
4
Let y(q) = q**3 + 6*q**2 - 3*q - 2. What is the tens digit of y(-6)?
1
Let p = -13 - -22. Let a be (-6)/(-10) - p/15. Suppose a = -3*r + 5*h - 0*h, 5*h - 20 = -r. What is the units digit of r?
5
Let d(v) = -v + 22. What is the tens digit of d(6)?
1
Let z(m) = 4*m + 6. Let y be z(-6). Let r = -13 - y. Suppose -r*a + 7 = -8. What is the units digit of a?
3
Let n(h) = 2*h - 3. Let q be n(4). Suppose -c + 24 = -2*l, 0 = -q*c + 4*c - l + 30. Suppose 0 = j - 3*j + c. What is the units digit of j?
4
What is the units digit of -1*(-1 - (1 + 11))?
3
Let b(u) = u**2 + 2*u + 3. Let j be b(-2). Suppose 2*g + 9 = j*f, -2*g + f - 10 = -f. What is the units digit of 4/g + 66/18?
3
Suppose -30 = 3*b - 96. Suppose i - b = 3*g, g + 4*g = -4*i + 122. What is the units digit of i?
8
Let v(b) be the third derivative of -b**6/120 + b**5/60 + 4*b**3/3 + 2*b**2. What is the units digit of v(0)?
8
Let x(o) = -o + 4. Let t be x(0). Suppose l = -t*l + 140. What is the tens digit of l?
2
Let c(n) = n**3 + 14*n**2 - 5*n - 14. What is the units digit of c(-14)?
6
Let m be 0 + -1 - -8 - 2. Let h = 34 + -23. Let f = h - m. What is the units digit of f?
6
Suppose -j - 4*j = 0. Suppose 39 = 3*d - j*d. What is the units digit of d?
3
Let h = 107 + -58. What is the units digit of h?
9
Suppose -2*q = -4*t - 0 + 6, -5*t + 30 = 2*q. Let m be q + 3 + 10/(-2). What is the units digit of m/18 + (-166)/(-12)?
4
Let g = 58 + -86. What is the units digit of 1/((-1)/g*4)?
7
Let t(w) = -w**3 + 9*w**2 + 12*w + 14. Let b be t(10). What is the tens digit of (3 + 5/(-2))*b?
1
Let l = 1 + -5. Let q = l + 9. What is the units digit of (3/(-5))/((-1)/q)?
3
Let j(b) = -b**3 - 6*b**2 + 2*b + 6. Let p be j(-6). Let l = 8 + p. Suppose -5*s - 5 = 0, -3*y - l*s = -s - 8. What is the units digit of y?
3
Let l(v) be the third derivative of 0 - 1/60*v**5 + 1/3*v**4 + 2/3*v**3 + v**2 + 0*v. What is the units digit of l(7)?
1
What is the units digit of 25 + (-12)/(-3) + 2?
1
Suppose 8 = -r - 2. What is the units digit of 3/((-12)/r + -1)?
5
Let d = -333 - -237. What is the units digit of 1/(2/d*-3)?
6
Suppose 0 = -4*s + 3*s - 9. Let k = s - -14. Suppose 0 = -5*j + 20 - k. What is the units digit of j?
3
Let g be (-1 - -1)/(-2 + 1). Suppose -2*c - c + 69 = g. What is the units digit of c?
3
Let m be ((-6)/8)/(3/(-48)). Let c = 28 - m. What is the tens digit of c?
1
Let l = -13 - -15. Suppose -o - l*o + 42 = 0. What is the units digit of o?
4
Let y(n) = -n + 3. Let r(s) = s**3 + 4*s**2 + 2*s - 2. Let a be r(-2). Suppose 4 = -a*j + j. What is the units digit of y(j)?
7
What is the units digit of 578/8 + (-14)/56?
2
What is the units digit of 95/10*18 - -5?
6
Let w be (-33)/(-2)*(-6)/9. Let g = 16 + w. Let r = -2 + g. What is the units digit of r?
3
Suppose 3*a - 3*t + 7 = 958, -3*a = -t - 955. What is the hundreds digit of a?
3
Let v = 5 - 0. What is the units digit of v?
5
Suppose 0 = 3*b - 150 - 276. What is the hundreds digit of b?
1
Suppose -d = -3*t - 87, 3*d + 5*t = 2*d + 47. What is the tens digit of d?
7
Suppose -18 = -5*g + 7. Suppose 0 = -5*x + 2*t - 2, 3 - 8 = -2*x - g*t. What is the units digit of x/((-1)/1) - -1?
1
Suppose b - 176 = -4*s - 3*b, 0 = 4*s + 5*b - 179. What is the units digit of s?
1
Let l(c) = 17*c**3 + c**2 - 2*c + 1. Let x be l(1). Suppose -d - 3*s = 4*d - x, 5*d + 5*s = 25. What is the units digit of d?
1
Let w(c) = c**2 + 7*c - 8. Let m be w(-8). Suppose m = -2*o + 8. Let f(u) = u**2 - 5*u + 5. What is the units digit of f(o)?
1
Let b be (-779)/11 + (-8)/44. Let l = -43 - b. What is the units digit of l?
8
What is the hundreds digit of 2/6*0*-1 - -194?
1
Let c(l) = -l**2 - 11*l + 17. What is the tens digit of c(-9)?
3
Let i be 516/10 + 10/25. Suppose 4*u - 8*u = -i. What is the tens digit of u?
1
What is the tens digit of -16*(2 + (-31)/4)?
9
Suppose n = -1, z - 2*n + 9 = 2*z. What is the units digit of z?
1
Let d be (1 + -12)/(-6 - -5). Suppose -5*i = -9 - d. What is the units digit of i?
4
Let h be ((-15)/(-6))/((-4)/(-8)). Let o(l) = 2*l**2 - 6*l + 5. What is the tens digit of o(h)?
2
Let s be (-10)/25 + (-37)/(-5). Suppose -14 = -t - 4*i, -2*t - 4*i + 17 = -s. Let r = 16 - t. What is the units digit of r?
6
Let a = 1 + 1. What is the units digit of a/5 + 156/10?
6
Suppose 0 = 4*v + u - 853, 3*u + 0 = 3. What is the tens digit of v?
1
Suppose -10*d = -6*d - 700. What is the tens digit of d?
7
Let n = -2 + 3. Suppose 3*o - n - 8 = 0. What is the units digit of (-5 - -3) + 2 + o?
3
Suppose -2*a - 3*j + 16 = 0, 0*a + 5*a - 33 = -4*j. Suppose -20 = -a*c + 3*y + 62, 2*c - 35 = -y. What is the units digit of c?
7
Let o(x) = 2*x**3 + 7*x**2 + 4*x - 2. Let w be o(-4). What is the tens digit of w/((-4)/(-2)*-1)?
1
Suppose 8*z - 3*z = 2*k - 41, -3*k + 99 = 5*z. Suppose -5*n + n - k = 0. Let l(d) = -d**3 - 7*d**2 - d - 3. What is the units digit of l(n)?
4
Let f(r) = -r + 4. Let y be f(4). Suppose d + 4*d - 15 = y. Let z = 11 - d. What is the units digit of z?
8
Suppose h - 2 = 6. Let o(p) = p**2 - 10*p + 5. Let g be o(h). Let v = g - -25. What is the tens digit of v?
1
Let m(f) = -14*f - 25. What is the units digit of m(-20)?
5
Suppose -50 = 2*o - 4*o. What is the tens digit of o?
2
Let z be (-20)/6 - (-4)/(-6). Let v(p) = -p**2 - 4*p - 1. Let r be v(z). What is the units digit of -6*r/(4/6)?
9
Let s = 43 - 62. Let y = 2 - s. What is the units digit of y?
1
Suppose 4*u + m - 89 = -615, 5*u = m - 653. Let n = -46 - u. Suppose -4*g + 9*g = n. What is the units digit of g?
7
What is the units digit of (-1166)/(-18) - 30/(-135)?
5
Let q(z) = 3*z. Suppose 3*f - r - 6 = -1, 4*r - 6 = -f. What is the units digit of q(f)?
6
Let i(f) = -9*f + 2. Let l be i(-3). Suppose -h + l = -2. Suppose -5*v + 8 = -v, 0 = -5*w - 3*v + h. What is the units digit of w?
5
Let j(z) = -3*z**3 + 2*z. What is the units digit of j(-2)?
0
Suppose -3*f = -0*f - 78. Let z = f - 18. What is the units digit of 2 + (-2 - 1) + z?
7
Let q(z) = 5*z + 0 - z + z**2 + 8 + 3*z. Let g be q(-6). Suppose g*c = 3*c - 10. What is the tens digit of c?
1
Suppose -3*k - 4 = -28. Suppose -4*c + k + 20 = 0. What is the units digit of 4/14 - (-26)/c?
4
Suppose 3*z + 5*l = -2*z + 15, 2*l = 5*z - 22. Let i 